{"id":839,"date":"2023-04-29T15:08:33","date_gmt":"2023-04-29T19:08:33","guid":{"rendered":"https:\/\/colegioconcepciontalca.cl\/?page_id=839"},"modified":"2023-04-29T15:31:51","modified_gmt":"2023-04-29T19:31:51","slug":"uniforme-y-lista-de-utiles-escolares-primero-basico-2023","status":"publish","type":"page","link":"https:\/\/colegioconcepciontalca.cl\/index.php\/uniforme-y-lista-de-utiles-escolares-primero-basico-2023\/","title":{"rendered":"Uniforme y lista de \u00fatiles escolares &#8211; Primero B\u00e1sico 2023"},"content":{"rendered":"<table width=\"705\">\n<tbody>\n<tr>\n<td colspan=\"4\" width=\"703\">\n<p><strong>UNIFORME ESCOLAR<\/strong><\/p>\n<\/td>\n<td width=\"2\">\u00a0<\/td>\n<\/tr>\n<tr>\n<td colspan=\"4\" width=\"703\">\n<p>Para ni\u00f1as y ni\u00f1os: buzo deportivo institucional, polera blanca institucional, calzas o short institucional, zapatillas de jogging o trote (no se permite el uso de zapatillas con ruedas, con plataforma o de lona), calcetas o calcetines respectivamente. Los y las estudiantes que tienen pelo largo deber\u00e1n asistir a clases de Educaci\u00f3n F\u00edsica con el pelo tomado.<\/p>\n<\/td>\n<td width=\"2\">\u00a0<\/td>\n<\/tr>\n<tr>\n<td colspan=\"4\" width=\"703\">\n<p><strong>\u00daTILES ESCOLARES<\/strong><\/p>\n<\/td>\n<td width=\"2\">\u00a0<\/td>\n<\/tr>\n<tr>\n<td width=\"134\">\n<p><strong>ASIGNATURA<\/strong><\/p>\n<\/td>\n<td width=\"182\">\n<p><strong>TEXTO DE ESTUDIO<\/strong><\/p>\n<\/td>\n<td colspan=\"2\" width=\"386\">\n<p><strong>MATERIALES DE TRABAJO<\/strong><\/p>\n<\/td>\n<td width=\"2\">\u00a0<\/td>\n<\/tr>\n<tr>\n<td width=\"134\">\n<p><strong>Lenguaje y comunicaci\u00f3n<\/strong><\/p>\n<\/td>\n<td rowspan=\"4\" width=\"182\">\n<p><strong>Pack Santillana <\/strong><\/p>\n<p>Impreso y digital<\/p>\n<p>Saber Hacer<\/p>\n<\/td>\n<td colspan=\"2\" width=\"386\">\n<p>o\u00a0\u00a0 2 cuadernos college de caligraf\u00eda horizontal de 100 hojas.<\/p>\n<p><strong>Los cuadernos deben venir forrado de color rojo.<\/strong><\/p>\n<\/td>\n<td width=\"2\">\u00a0<\/td>\n<\/tr>\n<tr>\n<td width=\"134\">\n<p><strong>Matem\u00e1tica<\/strong><\/p>\n<\/td>\n<td colspan=\"2\" width=\"386\">\n<p>o\u00a0 1 cuaderno de matem\u00e1tica, 100 hojas, Universitario.<\/p>\n<p><strong>El cuaderno debe venir forrado de color amarillo.<\/strong><\/p>\n<p>o\u00a0 1 caja de cubos encajables matem\u00e1ticos.<\/p>\n<p>o\u00a0 1 bolsa de palitos de helado de colores.<\/p>\n<\/td>\n<td width=\"2\">\u00a0<\/td>\n<\/tr>\n<tr>\n<td width=\"134\">\n<p><strong>Ciencias Naturales<\/strong><\/p>\n<\/td>\n<td colspan=\"2\" width=\"386\">\n<p>o\u00a0\u00a0 1 cuaderno college de caligraf\u00eda horizontal de 80 hojas.<\/p>\n<p><strong>El cuaderno debe venir forrado de color verde.<\/strong><\/p>\n<\/td>\n<td width=\"2\">\u00a0<\/td>\n<\/tr>\n<tr>\n<td width=\"134\">\n<p><strong>Historia, Geograf\u00eda y Ciencias Sociales<\/strong><\/p>\n<\/td>\n<td colspan=\"2\" width=\"386\">\n<p>o\u00a0\u00a0 1 cuaderno college de caligraf\u00eda horizontal de 80 hojas.<\/p>\n<p><strong>El cuaderno debe venir forrado de color azul.<\/strong><\/p>\n<\/td>\n<td width=\"2\">\u00a0<\/td>\n<\/tr>\n<tr>\n<td width=\"134\">\n<p><strong>Ingl\u00e9s<\/strong><\/p>\n<\/td>\n<td width=\"182\">\n<p><strong>Texto<\/strong><\/p>\n<p>Tiger Time 1<\/p>\n<p>\u2022 Student\u2019s book<\/p>\n<p>\u2022 Activity book<\/p>\n<p>\u00a0 (Ed. Macmillan)<\/p>\n<\/td>\n<td colspan=\"2\" width=\"386\">\n<p>o\u00a0\u00a0 1 cuaderno de 60 hojas<\/p>\n<p>o\u00a0\u00a0 Estuche completo.<\/p>\n<p><strong>\u00a0<\/strong><\/p>\n<\/td>\n<td width=\"2\">\u00a0<\/td>\n<\/tr>\n<tr>\n<td width=\"134\">\n<p><strong>Educaci\u00f3n Tecnol\u00f3gica<\/strong><\/p>\n<p><strong>Artes Visuales<\/strong><\/p>\n<\/td>\n<td width=\"182\">\n<p><strong>\u00a0<\/strong><\/p>\n<\/td>\n<td colspan=\"2\" width=\"386\">\n<p>o\u00a0\u00a0 1 block de dibujo, 20 hojas chico.<\/p>\n<p>o\u00a0\u00a0 1 block de dibujo, 20 hojas, medio 1\/8 N\u00b099.<\/p>\n<p>o\u00a0\u00a0 1 sobre de cartulina espa\u00f1ola.<\/p>\n<p>o\u00a0\u00a0 1 sobres de cartulina de colores.<\/p>\n<p>o\u00a0\u00a0 2 sobre chicos de papel lustre.<\/p>\n<p>o\u00a0\u00a0 1 caja de t\u00e9mpera, 12 colores.<\/p>\n<p>o\u00a0\u00a0 1 pincel N\u00b010.<\/p>\n<p>o\u00a0\u00a0 6 tubos grandes (36 grs.) de stic fix en barra.<\/p>\n<p>o\u00a0\u00a0 1 caja de l\u00e1pices de 12 colores (aparte de los solicitados en el estuche b\u00e1sico).<\/p>\n<p>o\u00a0\u00a0 6 gomas de borrar.<\/p>\n<p>o\u00a0\u00a0 1 caja de l\u00e1pices de cera de 12 colores.<\/p>\n<p>o\u00a0\u00a0 1 caja de l\u00e1pices scripto de 12 colores.<\/p>\n<p>o\u00a0\u00a0 1 caja de 12 l\u00e1pices grafito.<\/p>\n<p>o\u00a0\u00a0 1 caja de plasticina de buena calidad.<\/p>\n<p>o\u00a0\u00a0 1 tijera punta roma de buena calidad.<\/p>\n<p>o\u00a0\u00a0 1 cinta de papel adhesiva, tesa, blanca (5 cm).<\/p>\n<p>o\u00a0\u00a0 1 pliegos de papel kraft, grande.<\/p>\n<p>o\u00a0\u00a0 20 l\u00e1minas de termo laminado, tama\u00f1o oficio<\/p>\n<p>o\u00a0\u00a0 1 individual.<\/p>\n<p>o\u00a0\u00a0 1 set de goma Eva de 10 colores.<\/p>\n<p>o\u00a0\u00a0 1 sacapuntas (aparte del solicitado en el estuche b\u00e1sico).<\/p>\n<p>o\u00a0\u00a0 1 mezclador para 6 colores.<\/p>\n<p>o\u00a0\u00a0 1 set de goma eva glitter.<\/p>\n<\/td>\n<td width=\"2\">\u00a0<\/td>\n<\/tr>\n<tr>\n<td width=\"134\">\n<p><strong>Artes Musicales<\/strong><\/p>\n<\/td>\n<td width=\"182\">\n<p><strong>\u00a0<\/strong><\/p>\n<\/td>\n<td colspan=\"2\" width=\"386\">\n<p>o\u00a0\u00a0 Cuaderno collage de 100 hojas. Forro transparente.<\/p>\n<p>o\u00a0\u00a0 Metal\u00f3fono, con los colores del m\u00e9todo \u201cM\u00fasica en colores\u201d de 1 octava (diat\u00f3nico) o de 1 octava (crom\u00e1tico)<\/p>\n<p>(do-C azul, re-D verde, mi-E amarillo, fa-F naranjo, sol-G rojo, la-A morado\/fucsia, si-B celeste, do-C azul).<\/p>\n<p><strong>Nota: Es muy importante que el instrumento tenga los colores del m\u00e9todo, ya que las partituras y repertorio, est\u00e1n escritos en este sistema y ser\u00e1n ense\u00f1ados con dichos colores, lo que permitir\u00e1 a los estudiantes ubicar las notas musicales con mayor facilidad. Los estudiantes con teclado deber\u00e1n pegar papeles con los colores sobre las teclas, lo cual se indicar\u00e1 en la primera clase del a\u00f1o.<\/strong><\/p>\n<p>&#8211;\u00a0\u00a0\u00a0\u00a0\u00a0\u00a0 Tambi\u00e9n se puede optar por teclado\/piano, este puede tener transformador, pero tambi\u00e9n debe tener la posibilidad de usarse a pila, en caso de no tener enchufe cerca para tocarlo. Se sugiere de 4 octavas para que puedan utilizarlo en los siguientes cursos.<\/p>\n<p><strong><u>NOTA:<\/u><\/strong> Se sugiere adaptar una funda para protegerlo.<\/p>\n<\/td>\n<td width=\"2\">\u00a0<\/td>\n<\/tr>\n<tr>\n<td width=\"134\">\n<p><strong>\u00c9tica y Moral<\/strong><\/p>\n<\/td>\n<td width=\"182\">\n<p><strong>\u00a0<\/strong><\/p>\n<\/td>\n<td colspan=\"2\" width=\"386\">\n<p>o\u00a0\u00a0 1 cuaderno college caligraf\u00eda horizontal, 60 hojas, <strong>forrado de color naranjo.<\/strong><\/p>\n<\/td>\n<td width=\"2\">\u00a0<\/td>\n<\/tr>\n<tr>\n<td width=\"134\">\n<p><strong>Educaci\u00f3n F\u00edsica<\/strong><\/p>\n<\/td>\n<td width=\"182\">\n<p><strong>\u00a0<\/strong><\/p>\n<\/td>\n<td colspan=\"2\" width=\"386\">\n<p>o\u00a0\u00a0 1 cuaderno collage 60 hojas, <strong>forrado de color caf\u00e9, con nombre.<\/strong><\/p>\n<p>o\u00a0\u00a0 1 bal\u00f3n de esponja.<\/p>\n<p>o\u00a0\u00a0 Polera deportiva institucional de recambio.<\/p>\n<p>o\u00a0\u00a0 \u00datiles de aseo.<\/p>\n<\/td>\n<td width=\"2\">\u00a0<\/td>\n<\/tr>\n<tr>\n<td width=\"134\">\n<p><strong>Otros<\/strong><\/p>\n<\/td>\n<td width=\"182\">\n<p><strong>\u00a0<\/strong><\/p>\n<\/td>\n<td colspan=\"2\" width=\"386\">\n<p>o\u00a0\u00a0\u00a0 1 envase de toallas h\u00famedas desinfectantes clorox.<\/p>\n<p>o\u00a0\u00a0\u00a0 4 rollos de papel higi\u00e9nico <strong><u>por semestre<\/u><\/strong><u>.<\/u><\/p>\n<p>o\u00a0\u00a0\u00a0 2 rollos de toalla de papel <strong><u>por semestre.<\/u><\/strong><\/p>\n<p>o\u00a0\u00a0\u00a0 1 estuche grande con cierre que debe contener 12 l\u00e1pices de colores, una goma de borrar, sacapuntas, tijeras y un l\u00e1piz grafito (aparte de lo solicitado anteriormente).<\/p>\n<p>o\u00a0\u00a0\u00a0 4 plumones para pizarra acr\u00edlica (2 de color negro, 1 azul y 1 rojo).<\/p>\n<p>o\u00a0\u00a0\u00a0 Agenda del colegio (se entregar\u00e1 en marzo en el establecimiento).<\/p>\n<p>o\u00a0\u00a0\u00a0 1 carpeta de color azul para archivar pruebas.<\/p>\n<p>o\u00a0\u00a0\u00a0 2 fotos tama\u00f1o carn\u00e9 con nombre y rut.<\/p>\n<p>o\u00a0\u00a0\u00a0 10 Barras de silicona.<\/p>\n<p>o\u00a0\u00a0\u00a0 1 regla de 20 cent\u00edmetros.<\/p>\n<p>o\u00a0\u00a0\u00a0 Pizarra acr\u00edlica peque\u00f1a simple.<\/p>\n<p>o\u00a0\u00a0\u00a0 1 resma de hojas de oficio.<\/p>\n<p>o\u00a0\u00a0\u00a0 1 desodorante o desinfectante ambiental.<\/p>\n<p>o\u00a0\u00a0\u00a0 1 set de hojas de oficio de colores.<\/p>\n<\/td>\n<td width=\"2\">\u00a0<\/td>\n<\/tr>\n<tr>\n<td colspan=\"5\" width=\"705\">\n<p><strong>LECTURA COMPLEMENTARIA<\/strong><\/p>\n<\/td>\n<\/tr>\n<tr>\n<td colspan=\"3\" width=\"352\">\u00a0<\/td>\n<td colspan=\"2\" width=\"352\">\n<p><strong>\u201cUn paseo al campo<\/strong><strong>\u201d<\/strong>\u00a0<\/p>\n<p>Fernando Krahn\u00a0<\/p>\n<p>Editorial Alfaguara.\u00a0<\/p>\n<p><strong>\u201cPrudencia\u201d<\/strong>\u00a0<\/p>\n<p>Ver\u00f3nica Prieto\u00a0<\/p>\n<p>Editorial Alfaguara.\u00a0<\/p>\n<p><strong>\u201cMi hermano gigante\u201d<\/strong>\u00a0<\/p>\n<p>Mauricio Paredes.\u00a0<\/p>\n<p>Editorial Alfaguara.\u00a0<\/p>\n<p>\u00a0<strong>\u201cEl emperador y la ropa\u201d<\/strong>\u00a0<\/p>\n<p>Andr\u00e9s Kalawski y Joaqu\u00edn Coci\u00f1a.\u00a0<\/p>\n<p>Editorial Santillana.\u00a0<\/p>\n<p><strong>\u201cLa ni\u00f1a que se perdi\u00f3 en su pelo\u201d<\/strong>\u00a0<\/p>\n<p>Andr\u00e9s Kalawski y Andrea Ugarte.\u00a0<\/p>\n<p>Editorial Alfaguara.\u00a0<\/p>\n<p><strong>\u00a0<\/strong><\/p>\n<\/td>\n<\/tr>\n<tr>\n<td width=\"134\">\u00a0<\/td>\n<td width=\"182\">\u00a0<\/td>\n<td width=\"36\">\u00a0<\/td>\n<td width=\"350\">\u00a0<\/td>\n<td width=\"2\">\u00a0<\/td>\n<\/tr>\n<\/tbody>\n<\/table>\n<p><strong><u>Importante:<\/u><\/strong><\/p>\n<ul>\n<li>Todos los materiales y ropa solicitados <strong><u>deber\u00e1n ser marcados<\/u><\/strong> con los correspondientes nombres legibles y en lugares visibles.<\/li>\n<li>Los textos deben ser nuevos y originales.<\/li>\n<li>Todas las marcas indicadas <strong><u>SON SOLO SUGERENCIAS<\/u><\/strong>.<\/li>\n<li>El Plan Lector no viene incorporado en el Pack Santillana Compartir.<\/li>\n<\/ul>\n<ul>\n<li><strong>Librer\u00eda Inglesa<\/strong> realizar\u00e1 la venta de los textos de Ingl\u00e9s en su punto de venta en Talca, <strong>LIBRER\u00cdA CASIOPEA<\/strong><\/li>\n<\/ul>\n<p><strong>Direcci\u00f3n<\/strong>: 5 Poniente #1811 con 7 1\/2 Norte, Talca<\/p>\n<p><strong>N\u00famero de tel\u00e9fono<\/strong>: 71-2218073 \/ +56 966763554.<\/p>\n<ul>\n<li>Para la compra de manera online ingrese al siguiente link: https:\/\/www.libreriainglesa.cl\/<\/li>\n<\/ul>\n<p><strong><u>PROYECTO DIGITAL SANTILLANA COMPARTIR<\/u><\/strong><\/p>\n<table>\n<tbody>\n<tr>\n<td width=\"598\">\n<p>El Proyecto Santillana Compartir considera:<\/p>\n<p>o\u00a0\u00a0 Textos f\u00edsicos de las asignaturas de: Lenguaje, Matem\u00e1tica, Cs. Sociales y Cs. Naturales.<\/p>\n<p>o\u00a0\u00a0 Licencia digital para las asignaturas de Lenguaje, Cs. Sociales y Cs. Naturales.<\/p>\n<p>o\u00a0\u00a0 Acceso a los contenedores por \u00e1rea y nivel que poseen recursos interactivos, actividades multimedia, videos y mucho m\u00e1s.<\/p>\n<p>o\u00a0\u00a0 Las Licencia de acceso a las plataformas LMS e-Stela, Pleno.<\/p>\n<p>o\u00a0\u00a0 Acceso al portal y aplicaci\u00f3n compartir en familia.<\/p>\n<\/td>\n<\/tr>\n<\/tbody>\n<\/table>\n<table>\n<tbody>\n<tr>\n<td width=\"598\">\n<p><strong><u>TUTORIAL DE COMPRA COMPARTIR<\/u><\/strong><\/p>\n<p>Para la compra de Licencia Digital Compartir Santillana, siga los siguientes pasos:<\/p>\n<ol>\n<li><strong>\u00a0<\/strong>Ingrese a santillanacompartir.cl y seleccione Plataforma de Pagos.<\/li>\n<li>En el caso de no contar con usuario, deber\u00e1 crear un perfil ingresando un correo y seguir con el proceso de registro. Luego agregue los datos del estudiante y complete toda la informaci\u00f3n solicitada (rut, nombre, regi\u00f3n, colegio, etc.) (En caso de no llegar el mail de creaci\u00f3n de contrase\u00f1a, revise bandeja de spam).<\/li>\n<li>Si ya es usuario, ingrese con tu correo y contrase\u00f1a.<\/li>\n<li>Seleccione la opci\u00f3n del proyecto sugerido por el Establecimiento:<\/li>\n<\/ol>\n<p><strong>\u201cPROY Santillana Compartir\u201d (Incluye material impreso)<\/strong><\/p>\n<ol>\n<li>Posteriormente Ud. podr\u00e1 acceder a la opci\u00f3n de compra, despacho a domicilio con cargo de env\u00edo.<\/li>\n<li>Realizada la compra recibir\u00e1 un correo de confirmaci\u00f3n.\u00a0<\/li>\n<\/ol>\n<\/td>\n<\/tr>\n<\/tbody>\n<\/table>\n<table>\n<tbody>\n<tr>\n<td width=\"598\">\n<p><strong><u>IMPORTANTE: <\/u><\/strong><\/p>\n<p><strong><u>\u00a0<\/u><\/strong>La compra v\u00eda web estar\u00e1 disponible a contar del 23 de ENERO del 2023.<\/p>\n<ul>\n<li>El sistema de compra dispone de Opci\u00f3n de pago hasta 10 Cuotas precio contado con tarjeta de cr\u00e9dito. (<em>exceptuando Falabella<\/em>).<\/li>\n<\/ul>\n<p><strong>Se informar\u00e1 fecha del punto de venta presencial en el establecimiento.<\/strong><\/p>\n<p>\u00b7\u00a0\u00a0\u00a0\u00a0\u00a0\u00a0\u00a0\u00a0 Ante cualquier inquietud comunicarse con nuestro Contac Center 600 600 18 08.<\/p>\n<p>\u00b7\u00a0\u00a0\u00a0\u00a0\u00a0\u00a0\u00a0\u00a0 Nuestro horario de atenci\u00f3n es lunes a viernes de 09.00 a 18.00 hrs. Horario continuado.<\/p>\n<\/td>\n<\/tr>\n<\/tbody>\n<\/table>\n<p>[apvc_embed type=&#8221;customized&#8221; border_size=&#8221;1&#8243; border_radius=&#8221;1&#8243; background_color=&#8221;ffffff&#8221; font_size=&#8221;1&#8243; font_style=&#8221;normal&#8221; font_color=&#8221;ffffff&#8221; counter_label=&#8221;Visits&#8221; today_cnt_label=&#8221;Today&#8221; global_cnt_label=&#8221;Total&#8221; border_color=&#8221;ffffff&#8221; border_style=&#8221;solid&#8221; padding=&#8221;1&#8243; width=&#8221;1&#8243; global=&#8221;false&#8221; today=&#8221;false&#8221; current=&#8221;false&#8221; icon_position=&#8221;&#8221; widget_template=&#8221;None&#8221; ]<\/p>\n<!--themify_builder_content-->\n<div id=\"themify_builder_content-839\" data-postid=\"839\" class=\"themify_builder_content themify_builder_content-839 themify_builder tf_clear\">\n    <\/div>\n<!--\/themify_builder_content-->\n<!-- AddThis Advanced Settings generic via filter on the_content --><!-- AddThis Share Buttons generic via filter on the_content -->","protected":false},"excerpt":{"rendered":"<p>UNIFORME ESCOLAR \u00a0 Para ni\u00f1as y ni\u00f1os: buzo deportivo institucional, polera blanca institucional, calzas o short institucional, zapatillas de jogging o trote (no se permite el uso de zapatillas con ruedas, con plataforma o de lona), calcetas o calcetines respectivamente. Los y las estudiantes que tienen pelo largo deber\u00e1n asistir a clases de Educaci\u00f3n F\u00edsica [&hellip;]<!-- AddThis Advanced Settings generic via filter on get_the_excerpt --><!-- AddThis Share Buttons generic via filter on get_the_excerpt --><\/p>\n","protected":false},"author":1,"featured_media":853,"parent":0,"menu_order":0,"comment_status":"closed","ping_status":"closed","template":"","meta":{"footnotes":""},"class_list":["post-839","page","type-page","status-publish","has-post-thumbnail","hentry","has-post-title","has-post-date","has-post-category","has-post-tag","has-post-comment","has-post-author",""],"builder_content":"","_links":{"self":[{"href":"https:\/\/colegioconcepciontalca.cl\/index.php\/wp-json\/wp\/v2\/pages\/839","targetHints":{"allow":["GET"]}}],"collection":[{"href":"https:\/\/colegioconcepciontalca.cl\/index.php\/wp-json\/wp\/v2\/pages"}],"about":[{"href":"https:\/\/colegioconcepciontalca.cl\/index.php\/wp-json\/wp\/v2\/types\/page"}],"author":[{"embeddable":true,"href":"https:\/\/colegioconcepciontalca.cl\/index.php\/wp-json\/wp\/v2\/users\/1"}],"replies":[{"embeddable":true,"href":"https:\/\/colegioconcepciontalca.cl\/index.php\/wp-json\/wp\/v2\/comments?post=839"}],"version-history":[{"count":15,"href":"https:\/\/colegioconcepciontalca.cl\/index.php\/wp-json\/wp\/v2\/pages\/839\/revisions"}],"predecessor-version":[{"id":858,"href":"https:\/\/colegioconcepciontalca.cl\/index.php\/wp-json\/wp\/v2\/pages\/839\/revisions\/858"}],"wp:featuredmedia":[{"embeddable":true,"href":"https:\/\/colegioconcepciontalca.cl\/index.php\/wp-json\/wp\/v2\/media\/853"}],"wp:attachment":[{"href":"https:\/\/colegioconcepciontalca.cl\/index.php\/wp-json\/wp\/v2\/media?parent=839"}],"curies":[{"name":"wp","href":"https:\/\/api.w.org\/{rel}","templated":true}]}}